{"id":14442,"date":"2020-02-21T11:02:50","date_gmt":"2020-02-21T10:02:50","guid":{"rendered":"https:\/\/divine-id.site\/CI\/2021\/?page_id=14442"},"modified":"2021-12-02T15:56:15","modified_gmt":"2021-12-02T14:56:15","slug":"endorsement","status":"publish","type":"page","link":"https:\/\/divine-id.site\/CI\/2021\/endorsement\/","title":{"rendered":"Endorsements and partnerships"},"content":{"rendered":"<p>[vc_row mo_row_type=&#8221;in_container&#8221;][vc_column][vc_row_inner][vc_column_inner][vc_column_text]<\/p>\n<h1 style=\"text-align: center;\"><strong><span style=\"color: #7a1f7f;\">ENDORSEMENTS<\/span><\/strong><\/h1>\n<p>[\/vc_column_text]<div style=\"clear:both; width:100%; height:30px\"><\/div>[\/vc_column_inner][\/vc_row_inner][vc_separator][vc_row_inner][vc_column_inner width=&#8221;2\/3&#8243;][vc_column_text]Sponsored by <strong>Biba Medical<\/strong><br \/>\n<a href=\"https:\/\/bibamedical.com\/\">bibamedical.com<\/a>[\/vc_column_text][\/vc_column_inner][vc_column_inner width=&#8221;1\/3&#8243;][vc_single_image image=&#8221;15087&#8243; img_size=&#8221;200&#215;32&#8243; alignment=&#8221;center&#8221; onclick=&#8221;custom_link&#8221;][\/vc_column_inner][\/vc_row_inner][vc_separator][vc_row_inner][vc_column_inner width=&#8221;2\/3&#8243;][vc_column_text]Sponsored by the <strong>British Society of Endovascular Therapy<\/strong><br \/>\n<a href=\"https:\/\/www.bset.co.uk\/\">www.bset.co.uk<\/a>[\/vc_column_text][\/vc_column_inner][vc_column_inner width=&#8221;1\/3&#8243;][vc_single_image image=&#8221;15091&#8243; img_size=&#8221;170&#215;94&#8243; alignment=&#8221;center&#8221; onclick=&#8221;custom_link&#8221;][\/vc_column_inner][\/vc_row_inner][vc_separator][vc_row_inner][vc_column_inner width=&#8221;2\/3&#8243;][vc_column_text]Sponsored by the <strong>Deutsche Gesellschaft f\u00fcr Gefaesschirurgie und Gef\u00e4ssmedizin<\/strong><br \/>\n<a href=\"http:\/\/www.gefaesschirurgie.de\/\">www.gefaesschirurgie.de<\/a>[\/vc_column_text][\/vc_column_inner][vc_column_inner width=&#8221;1\/3&#8243;][vc_single_image image=&#8221;14909&#8243; img_size=&#8221;125&#215;125&#8243; alignment=&#8221;center&#8221; onclick=&#8221;custom_link&#8221;][\/vc_column_inner][\/vc_row_inner][vc_separator][vc_row_inner][vc_column_inner width=&#8221;2\/3&#8243;][vc_column_text]Sponsored by the <strong>European Society of Vascular Surgery<\/strong><br \/>\n<a href=\"https:\/\/www.esvs.org\/\">www.esvs.org<\/a>[\/vc_column_text][\/vc_column_inner][vc_column_inner width=&#8221;1\/3&#8243;][vc_single_image image=&#8221;15104&#8243; img_size=&#8221;125&#215;125&#8243; alignment=&#8221;center&#8221; onclick=&#8221;custom_link&#8221;][\/vc_column_inner][\/vc_row_inner][vc_separator][vc_row_inner][vc_column_inner width=&#8221;2\/3&#8243;][vc_column_text]Sponsored by the <strong>Soci\u00e9t\u00e9 des Internes et Chefs de clinique de Chirurgie Vasculaire <\/strong><br \/>\n<a href=\"https:\/\/www.siccv.org\/\">www.siccv.org<\/a>[\/vc_column_text][\/vc_column_inner][vc_column_inner width=&#8221;1\/3&#8243;][vc_single_image image=&#8221;15103&#8243; img_size=&#8221;125&#215;125&#8243; alignment=&#8221;center&#8221; onclick=&#8221;custom_link&#8221;][\/vc_column_inner][\/vc_row_inner][vc_separator][vc_row_inner][vc_column_inner]<div style=\"clear:both; width:100%; height:30px\"><\/div>[vc_column_text]<\/p>\n<h1 style=\"text-align: center;\"><strong><span style=\"color: #7a1f7f;\">PARTNERS CONGRESS<\/span><\/strong><\/h1>\n<p>[\/vc_column_text]<div style=\"clear:both; width:100%; height:30px\"><\/div>[\/vc_column_inner][\/vc_row_inner][vc_separator][vc_row_inner][vc_column_inner width=&#8221;2\/3&#8243;][vc_column_text]Arterial Symposium<br \/>\nJuly 15 \u2013 17, 2021<br \/>\nVirtual<br \/>\n<a href=\"https:\/\/arterialsymposium.com\/\">arterialsymposium.com<\/a>[\/vc_column_text][\/vc_column_inner][vc_column_inner width=&#8221;1\/3&#8243;][vc_single_image image=&#8221;14908&#8243; img_size=&#8221;150&#215;53&#8243; alignment=&#8221;center&#8221; onclick=&#8221;custom_link&#8221;][\/vc_column_inner][\/vc_row_inner][vc_separator][vc_row_inner][vc_column_inner width=&#8221;2\/3&#8243;][vc_column_text]<strong>Aortic Live 2020<\/strong><br \/>\n26\u201327 October 2020<br \/>\nHamburg, Germany<br \/>\n<a href=\"https:\/\/www.aortic-live.com\/\">www.aortic-live.com<\/a>[\/vc_column_text][\/vc_column_inner][vc_column_inner width=&#8221;1\/3&#8243;][vc_single_image image=&#8221;14613&#8243; img_size=&#8221;150&#215;100&#8243; alignment=&#8221;center&#8221; onclick=&#8221;custom_link&#8221;][\/vc_column_inner][\/vc_row_inner][vc_separator][vc_row_inner][vc_column_inner width=&#8221;2\/3&#8243;][vc_column_text]<strong>Charing Cross International Symposium<\/strong><br \/>\n21-24 April 2020<br \/>\nOlympia London, United Kingdom<br \/>\n<a href=\"https:\/\/www.cxsymposium.com\/\">www.cxsymposium.com<\/a>[\/vc_column_text][\/vc_column_inner][vc_column_inner width=&#8221;1\/3&#8243;][vc_single_image image=&#8221;14477&#8243; img_size=&#8221;150&#215;50&#8243; alignment=&#8221;center&#8221; onclick=&#8221;custom_link&#8221;][\/vc_column_inner][\/vc_row_inner][vc_separator][vc_row_inner][vc_column_inner width=&#8221;2\/3&#8243;][vc_column_text]<strong>i-MEET 2020<\/strong><br \/>\n16-18 September 2020<br \/>\nNice, France<br \/>\n<a href=\"http:\/\/imeetcongress.com\/\">www.imeetcongress.com<\/a>[\/vc_column_text][\/vc_column_inner][vc_column_inner width=&#8221;1\/3&#8243;][vc_single_image image=&#8221;14456&#8243; img_size=&#8221;150&#215;100&#8243; alignment=&#8221;center&#8221; onclick=&#8221;custom_link&#8221;][\/vc_column_inner][\/vc_row_inner][vc_separator][vc_row_inner][vc_column_inner width=&#8221;2\/3&#8243;][vc_column_text]<strong>LINC 2021<\/strong><br \/>\nJanuary 25-29, 2021<br \/>\nLeipzig, Germany<br \/>\n<a href=\"https:\/\/www.leipzig-interventional-course.com\/\">www.leipzig-interventional-course.com<\/a>[\/vc_column_text][\/vc_column_inner][vc_column_inner width=&#8221;1\/3&#8243;][vc_single_image image=&#8221;14829&#8243; img_size=&#8221;150&#215;50&#8243; alignment=&#8221;center&#8221; onclick=&#8221;custom_link&#8221;][\/vc_column_inner][\/vc_row_inner][vc_separator][vc_row_inner][vc_column_inner width=&#8221;2\/3&#8243;][vc_column_text]<strong>10<sup>th<\/sup> MUNICH VASCULAR CONFERENCE<\/strong><br \/>\n9\u201311 December 2020<br \/>\nMunich, Germany<br \/>\n<a href=\"https:\/\/www.mac-conference.com\/\">www.mac-conference.com<\/a>[\/vc_column_text][\/vc_column_inner][vc_column_inner width=&#8221;1\/3&#8243;][vc_single_image image=&#8221;14614&#8243; img_size=&#8221;150&#215;100&#8243; alignment=&#8221;center&#8221; onclick=&#8221;custom_link&#8221;][\/vc_column_inner][\/vc_row_inner][vc_separator][vc_row_inner][vc_column_inner width=&#8221;2\/3&#8243;][vc_column_text]<strong>UCCVS<\/strong><br \/>\n16th International Update in Cardiology and Cardiovascular Surgery (UCCVS) Congress<br \/>\n12-15 March 2020<br \/>\nAntalya, Turkey<br \/>\n<a href=\"http:\/\/www.uccvs.org\/\">www.uccvs.org<\/a>[\/vc_column_text][\/vc_column_inner][vc_column_inner width=&#8221;1\/3&#8243;][vc_single_image image=&#8221;14447&#8243; img_size=&#8221;150&#215;100&#8243; alignment=&#8221;center&#8221; onclick=&#8221;custom_link&#8221;][\/vc_column_inner][\/vc_row_inner][vc_separator][vc_row_inner][vc_column_inner width=&#8221;2\/3&#8243;][vc_column_text]Sponsored by the <strong>SITE Symposium<\/strong><br \/>\n<a href=\"https:\/\/www.sitesymposium.com\/\">www.sitesymposium.com<\/a>[\/vc_column_text][\/vc_column_inner][vc_column_inner width=&#8221;1\/3&#8243;][vc_single_image image=&#8221;15089&#8243; img_size=&#8221;200&#215;97&#8243; alignment=&#8221;center&#8221; onclick=&#8221;custom_link&#8221;][\/vc_column_inner][\/vc_row_inner][vc_separator][vc_row_inner][vc_column_inner width=&#8221;2\/3&#8243;][vc_column_text]Sponsored by the <strong>37. Jahrestagung der Deutschen Gesellschaft f\u00fcr Gef\u00e4\u00dfchirurgie und Gef\u00e4\u00dfmedizin<\/strong><br \/>\n<a href=\"http:\/\/www.uccvs.org\/https:\/\/dgg-jahreskongress.de\/\">dgg-jahreskongress.de<\/a>[\/vc_column_text][\/vc_column_inner][vc_column_inner width=&#8221;1\/3&#8243;][vc_single_image image=&#8221;14910&#8243; img_size=&#8221;200&#215;80&#8243; alignment=&#8221;center&#8221; onclick=&#8221;custom_link&#8221;][\/vc_column_inner][\/vc_row_inner][vc_separator][\/vc_column][\/vc_row]<\/p>\n","protected":false},"excerpt":{"rendered":"<p>[vc_row mo_row_type=&#8221;in_container&#8221;][vc_column][vc_row_inner][vc_column_inner][vc_column_text] ENDORSEMENTS [\/vc_column_text][\/vc_column_inner][\/vc_row_inner][vc_separator][vc_row_inner][vc_column_inner width=&#8221;2\/3&#8243;][vc_column_text]Sponsored by Biba Medical bibamedical.com[\/vc_column_text][\/vc_column_inner][vc_column_inner width=&#8221;1\/3&#8243;][vc_single_image image=&#8221;15087&#8243; img_size=&#8221;200&#215;32&#8243; alignment=&#8221;center&#8221; onclick=&#8221;custom_link&#8221;][\/vc_column_inner][\/vc_row_inner][vc_separator][vc_row_inner][vc_column_inner width=&#8221;2\/3&#8243;][vc_column_text]Sponsored by the British Society of Endovascular Therapy www.bset.co.uk[\/vc_column_text][\/vc_column_inner][vc_column_inner width=&#8221;1\/3&#8243;][vc_single_image image=&#8221;15091&#8243; img_size=&#8221;170&#215;94&#8243; alignment=&#8221;center&#8221; onclick=&#8221;custom_link&#8221;][\/vc_column_inner][\/vc_row_inner][vc_separator][vc_row_inner][vc_column_inner width=&#8221;2\/3&#8243;][vc_column_text]Sponsored by the Deutsche Gesellschaft f\u00fcr Gefaesschirurgie und Gef\u00e4ssmedizin www.gefaesschirurgie.de[\/vc_column_text][\/vc_column_inner][vc_column_inner width=&#8221;1\/3&#8243;][vc_single_image image=&#8221;14909&#8243; img_size=&#8221;125&#215;125&#8243; alignment=&#8221;center&#8221; onclick=&#8221;custom_link&#8221;][\/vc_column_inner][\/vc_row_inner][vc_separator][vc_row_inner][vc_column_inner width=&#8221;2\/3&#8243;][vc_column_text]Sponsored by the European Society of Vascular Surgery www.esvs.org[\/vc_column_text][\/vc_column_inner][vc_column_inner width=&#8221;1\/3&#8243;][vc_single_image image=&#8221;15104&#8243; img_size=&#8221;125&#215;125&#8243; [&hellip;]<\/p>\n","protected":false},"author":1,"featured_media":0,"parent":0,"menu_order":0,"comment_status":"open","ping_status":"open","template":"template-full-width.php","meta":{"_monsterinsights_skip_tracking":false,"_monsterinsights_sitenote_active":false,"_monsterinsights_sitenote_note":"","_monsterinsights_sitenote_category":0,"ngg_post_thumbnail":0},"_links":{"self":[{"href":"https:\/\/divine-id.site\/CI\/2021\/wp-json\/wp\/v2\/pages\/14442"}],"collection":[{"href":"https:\/\/divine-id.site\/CI\/2021\/wp-json\/wp\/v2\/pages"}],"about":[{"href":"https:\/\/divine-id.site\/CI\/2021\/wp-json\/wp\/v2\/types\/page"}],"author":[{"embeddable":true,"href":"https:\/\/divine-id.site\/CI\/2021\/wp-json\/wp\/v2\/users\/1"}],"replies":[{"embeddable":true,"href":"https:\/\/divine-id.site\/CI\/2021\/wp-json\/wp\/v2\/comments?post=14442"}],"version-history":[{"count":0,"href":"https:\/\/divine-id.site\/CI\/2021\/wp-json\/wp\/v2\/pages\/14442\/revisions"}],"wp:attachment":[{"href":"https:\/\/divine-id.site\/CI\/2021\/wp-json\/wp\/v2\/media?parent=14442"}],"curies":[{"name":"wp","href":"https:\/\/api.w.org\/{rel}","templated":true}]}}