{"id":13479,"date":"2018-07-18T14:31:08","date_gmt":"2018-07-18T12:31:08","guid":{"rendered":"https:\/\/divine-id.site\/CI\/2023\/?page_id=13479"},"modified":"2023-04-26T10:08:55","modified_gmt":"2023-04-26T08:08:55","slug":"speakers","status":"publish","type":"page","link":"https:\/\/divine-id.site\/CI\/2023\/speakers\/","title":{"rendered":"\u00a0Faculty &amp; Committees"},"content":{"rendered":"<p>[et_pb_section fb_built=&#8221;1&#8243; _builder_version=&#8221;4.19.5&#8243; _module_preset=&#8221;default&#8221; global_colors_info=&#8221;{}&#8221;][et_pb_row _builder_version=&#8221;4.19.5&#8243; _module_preset=&#8221;default&#8221; global_colors_info=&#8221;{}&#8221;][et_pb_column type=&#8221;4_4&#8243; _builder_version=&#8221;4.19.5&#8243; _module_preset=&#8221;default&#8221; global_colors_info=&#8221;{}&#8221;][et_pb_text _builder_version=&#8221;4.19.5&#8243; _module_preset=&#8221;default&#8221; global_colors_info=&#8221;{}&#8221;]<\/p>\n<h1 style=\"text-align: center;\">FACULTY<\/h1>\n<p>[\/et_pb_text][\/et_pb_column][\/et_pb_row][et_pb_row column_structure=&#8221;1_2,1_2&#8243; _builder_version=&#8221;4.19.5&#8243; _module_preset=&#8221;default&#8221; width=&#8221;79.2%&#8221; global_colors_info=&#8221;{}&#8221;][et_pb_column type=&#8221;1_2&#8243; _builder_version=&#8221;4.19.5&#8243; _module_preset=&#8221;default&#8221; global_colors_info=&#8221;{}&#8221;][et_pb_text _builder_version=&#8221;4.19.5&#8243; _module_preset=&#8221;default&#8221; hover_enabled=&#8221;0&#8243; global_colors_info=&#8221;{}&#8221; sticky_enabled=&#8221;0&#8243;]<strong>Carlos ABATH<\/strong> | Recife, Brazil<br \/>\n<strong>Michele ANTONELLO<\/strong> I Padova, Italy<br \/>\n<strong>Martin AUSTERMANN<\/strong> I M\u00fcnster, Germany<br \/>\n<strong>Luca BERTOGLIO<\/strong> I Milano, Italy<br \/>\n<strong>Katarina BJ\u00d8RSES<\/strong> I Copenhagen, Denmark<br \/>\n<strong>Dittmar B\u00d6CKLER<\/strong> I Heidelberg, Germany<br \/>\n<strong>Daniela BRANZAN<\/strong> I Leipzig, Germany<br \/>\n<strong>Martin BRUCK<\/strong> I Nuremberg, Germany<br \/>\n<strong>Christopher CHENG<\/strong> I Stanford, The United States<br \/>\n<strong>Tim CHUTER<\/strong> | San Francisco, The United States<br \/>\n<strong>Rachel CLOUGH<\/strong> I London, The United Kingdom<br \/>\n<strong>Jean-Paul DE VRIES<\/strong> I Groningen,The Netherlands<br \/>\n<strong>Nuno DIAS<\/strong> I Malm\u00f6, Sweden<br \/>\n<strong>Mario D\u2018ORIA<\/strong> I Trieste, Italy<br \/>\n<strong>Wolf EILENBERG<\/strong> I Vienna, Austria<br \/>\n<strong>Christian ETZ<\/strong> I Leipzig, Germany<br \/>\n<strong>J\u00fcrgen FALKENSAMMER<\/strong> I Vienna, Austria<br \/>\n<strong>Mark FARBER<\/strong> I Chapel Hill, The United States<br \/>\n<strong>Javairiah FATIMA<\/strong> I Washington, The United States<br \/>\n<strong>Marcelo FERREIRA<\/strong> | Rio de Janeiro, Brazil<br \/>\n<strong>Martin FUNOVICS<\/strong> I Wien, Austria<br \/>\n<strong>Mauro GARGIULO<\/strong> I Bologna, Italy<br \/>\n<strong>Philipp GEISB\u00dcSCH<\/strong> I Stuttgart, Germany<br \/>\n<strong>Stephan HAULON<\/strong> I Le Plessis-Robinson, France<br \/>\n<strong>J\u00f6rg HECKENKAMP<\/strong> I Berlin, Germany<br \/>\n<strong>Jade HIRAMOTO<\/strong> I San Francisco, The United States<br \/>\n<strong>Christian UHL<\/strong> I <span>Heidelberg Germany<\/span><br \/>\n<strong>Michael JACOBS<\/strong> I Maastricht, The Netherlands<br \/>\n<strong>Tomasz JAKIMOWICZ<\/strong> I Varsaw, Poland<br \/>\n<strong>Michael JENKINS<\/strong> I London, The United Kingdom<br \/>\n<strong>Athanasios KATSARGYRIS<\/strong> I Nuremberg, Germany<br \/>\n<strong>Tilo K\u00d6LBEL<\/strong> I Hamburg, Germany<br \/>\n<strong>Dainis KRIEVINS<\/strong> I Riga, Latvia[\/et_pb_text][\/et_pb_column][et_pb_column type=&#8221;1_2&#8243; _builder_version=&#8221;4.19.5&#8243; _module_preset=&#8221;default&#8221; global_colors_info=&#8221;{}&#8221;][et_pb_text _builder_version=&#8221;4.19.5&#8243; _module_preset=&#8221;default&#8221; hover_enabled=&#8221;0&#8243; global_colors_info=&#8221;{}&#8221; sticky_enabled=&#8221;0&#8243;]<\/p>\n<p><strong>Vladimir MAKALOSKI<\/strong> | Bern, Switzerland<br \/><strong>Rafael MALGOR<\/strong> | Colorado, The United States<br \/><strong>Pablo MARQUES<\/strong> I Nuremberg, Germany<br \/><strong>Tara MASTRACCI<\/strong> I London, The United Kingdom<br \/><strong>Blandine MAUREL<\/strong> I Nantes, France<br \/><strong>Barend MEES<\/strong> I Maastricht, The Netherlands<br \/><strong>Germano MELISSANO<\/strong> I Milano, Italy<br \/><strong>Luis MENDES PEDRO<\/strong> I Lisbon, Portugal<br \/><strong>Bijan MODARAI<\/strong> I London, The United Kingdom<br \/><strong>Bernd MOEHNER<\/strong> I Nuremberg, Germany<br \/><strong>Nilo MOSQUERA<\/strong> I Ourense, Spain<br \/><strong>Guiseppe PANUCCIO<\/strong> I Hamburg, Germany<br \/><strong>Giovanni PRATESI<\/strong> | Genova, Italy<br \/><strong>Timothy RESCH<\/strong> I Copenhagen, Denmark<br \/><strong>Bartosz RYLSKI <\/strong>I Freiburg, Germany<br \/><strong>Piotr SZOPINSKI<\/strong> I Varsaw, Poland<br \/><strong>Markus STEINBAUER<\/strong> I Regensburg, Germany<br \/><strong>Ingolf T\u00d6PEL<\/strong> I Regensburg, Germany<br \/><strong>Nikolaos TSILIMPARIS<\/strong> I Munich, Germany<br \/><strong>Rao VALLABAHNENI<\/strong> I Liverpool, The United Kingdom<br \/><strong>Jos VAN DEN BERG<\/strong> I Lugano, Switzerland<br \/><strong>Carla VAN RIJSWIJK<\/strong> | Leiden, The Netherlands<br \/><strong>Juan VARELA<\/strong> I Bogota, Colombia<br \/><strong>Eric VERHOEVEN<\/strong> I Nuremberg, Germany<br \/><strong>Frank VERMASSEN<\/strong> I Gent, Belgium<br \/><strong>Sabine WIPPER<\/strong> I Innsbruck, Austria<br \/><strong>Kak Khee YEUNG<\/strong> I Amsterdam, The Netherlands<br \/><strong>Alexander ZIMMERMANN<\/strong> I Zurich, Switzerland<\/p>\n<p>[\/et_pb_text][\/et_pb_column][\/et_pb_row][\/et_pb_section][et_pb_section fb_built=&#8221;1&#8243; admin_label=&#8221;About Us&#8221; _builder_version=&#8221;4.16&#8243; custom_padding=&#8221;0|0px|54px|0px|false|false&#8221; global_module=&#8221;235422&#8243; saved_tabs=&#8221;all&#8221; global_colors_info=&#8221;{}&#8221;][et_pb_row _builder_version=&#8221;4.19.5&#8243; _module_preset=&#8221;default&#8221; global_colors_info=&#8221;{}&#8221;][et_pb_column type=&#8221;4_4&#8243; _builder_version=&#8221;4.19.5&#8243; _module_preset=&#8221;default&#8221; global_colors_info=&#8221;{}&#8221;][et_pb_text _builder_version=&#8221;4.19.5&#8243; _module_preset=&#8221;default&#8221; text_font=&#8221;||||||||&#8221; text_text_color=&#8221;#000000&#8243; text_font_size=&#8221;17px&#8221; global_colors_info=&#8221;{}&#8221;]<\/p>\n<h1 style=\"text-align: center;\"><strong>COURSE LOCAL ORGANIZERS<\/strong><\/h1>\n<p style=\"text-align: center;\">Eric Verhoeven, <strong>Nuremberg, Germany<\/strong><br \/>Martin Bruck, <strong>Nuremberg, Germany<\/strong><br \/>Athanasios Katsargyris, <strong>Nuremberg, Germany<\/strong><br \/>Pablo Marques, <strong>Nuremberg, Germany<\/strong><br \/>Bernd Moehner, <strong>Nuremberg, Germany<\/strong><\/p>\n<p>[\/et_pb_text][\/et_pb_column][\/et_pb_row][et_pb_row _builder_version=&#8221;4.19.5&#8243; _module_preset=&#8221;default&#8221; global_colors_info=&#8221;{}&#8221;][et_pb_column type=&#8221;4_4&#8243; _builder_version=&#8221;4.19.5&#8243; _module_preset=&#8221;default&#8221; global_colors_info=&#8221;{}&#8221;][et_pb_text _builder_version=&#8221;4.19.5&#8243; _module_preset=&#8221;default&#8221; global_colors_info=&#8221;{}&#8221;]<\/p>\n<h1 class=\"x_MsoNormal\" style=\"text-align: center;\"><span lang=\"EN-GB\">ASSOCIATE PROGRAMME FACULTY<\/span><\/h1>\n<p style=\"text-align: center;\">Michele Antonello, <strong>Padova, Italy<\/strong><\/p>\n<p style=\"text-align: center;\">Dittmar B\u00f6ckler, <strong>Heidelberg, Germany<\/strong><\/p>\n<p style=\"text-align: center;\">J\u00fcrgen Falkensammer, <strong>Vienna, Austria<\/strong><\/p>\n<p style=\"text-align: center;\"><span>Kak Khee Yeung<\/span>, <strong>Amsterdam, The Netherlands<\/strong><\/p>\n<p>&nbsp;<\/p>\n<p>[\/et_pb_text][\/et_pb_column][\/et_pb_row][et_pb_row _builder_version=&#8221;4.19.5&#8243; _module_preset=&#8221;default&#8221; global_colors_info=&#8221;{}&#8221;][et_pb_column type=&#8221;4_4&#8243; _builder_version=&#8221;4.19.5&#8243; _module_preset=&#8221;default&#8221; global_colors_info=&#8221;{}&#8221;][et_pb_text _builder_version=&#8221;4.19.5&#8243; _module_preset=&#8221;default&#8221; global_colors_info=&#8221;{}&#8221;]<\/p>\n<h1 style=\"text-align: center;\"><strong>CRITICAL ISSUES STEERING COMMITTEE<\/strong><\/h1>\n<p>[\/et_pb_text][\/et_pb_column][\/et_pb_row][et_pb_row column_structure=&#8221;1_5,1_5,1_5,1_5,1_5&#8243; _builder_version=&#8221;4.19.5&#8243; _module_preset=&#8221;default&#8221; global_colors_info=&#8221;{}&#8221;][et_pb_column type=&#8221;1_5&#8243; _builder_version=&#8221;4.19.5&#8243; _module_preset=&#8221;default&#8221; global_colors_info=&#8221;{}&#8221;][et_pb_team_member name=&#8221;Nuno Dias&#8221; image_url=&#8221;https:\/\/divine-id.site\/CI\/2023\/wp-content\/uploads\/2023\/02\/nunodias.jpg&#8221; _builder_version=&#8221;4.19.5&#8243; _module_preset=&#8221;default&#8221; header_level=&#8221;h1&#8243; header_font_size=&#8221;20px&#8221; text_orientation=&#8221;center&#8221; global_colors_info=&#8221;{}&#8221;]<\/p>\n<p><strong>Malm\u00f6, Sweden<\/strong><\/p>\n<p>[\/et_pb_team_member][\/et_pb_column][et_pb_column type=&#8221;1_5&#8243; _builder_version=&#8221;4.19.5&#8243; _module_preset=&#8221;default&#8221; global_colors_info=&#8221;{}&#8221;][et_pb_team_member name=&#8221;Stephan Haulon&#8221; image_url=&#8221;https:\/\/didhbgt.com\/news\/ci\/2023\/Haulon.png&#8221; _builder_version=&#8221;4.19.5&#8243; _module_preset=&#8221;default&#8221; header_level=&#8221;h1&#8243; header_font_size=&#8221;20px&#8221; text_orientation=&#8221;center&#8221; global_colors_info=&#8221;{}&#8221;]<\/p>\n<p><strong>Le Plessis-Robinson, France<\/strong><\/p>\n<p>[\/et_pb_team_member][\/et_pb_column][et_pb_column type=&#8221;1_5&#8243; _builder_version=&#8221;4.19.5&#8243; _module_preset=&#8221;default&#8221; global_colors_info=&#8221;{}&#8221;][et_pb_team_member name=&#8221;Athanasios Katsargyris&#8221; image_url=&#8221;https:\/\/divine-id.site\/CI\/2023\/wp-content\/uploads\/2023\/02\/athos.jpg&#8221; _builder_version=&#8221;4.19.5&#8243; _module_preset=&#8221;default&#8221; header_level=&#8221;h1&#8243; header_font_size=&#8221;20px&#8221; text_orientation=&#8221;center&#8221; global_colors_info=&#8221;{}&#8221;]<\/p>\n<p><strong>Nuremberg, Germany<\/strong><\/p>\n<p>[\/et_pb_team_member][\/et_pb_column][et_pb_column type=&#8221;1_5&#8243; _builder_version=&#8221;4.19.5&#8243; _module_preset=&#8221;default&#8221; global_colors_info=&#8221;{}&#8221;][et_pb_team_member name=&#8221;Timothy Resch&#8221; image_url=&#8221;https:\/\/didhbgt.com\/news\/ci\/2023\/RESCH.png&#8221; _builder_version=&#8221;4.19.5&#8243; _module_preset=&#8221;default&#8221; header_level=&#8221;h1&#8243; header_font_size=&#8221;20px&#8221; text_orientation=&#8221;center&#8221; global_colors_info=&#8221;{}&#8221;]<\/p>\n<p><strong>\u00a0Copenhagen, Denmark<\/strong><\/p>\n<p>[\/et_pb_team_member][\/et_pb_column][et_pb_column type=&#8221;1_5&#8243; _builder_version=&#8221;4.19.5&#8243; _module_preset=&#8221;default&#8221; global_colors_info=&#8221;{}&#8221;][et_pb_team_member name=&#8221;Eric Verhoeven&#8221; image_url=&#8221;https:\/\/didhbgt.com\/news\/ci\/2023\/verhoeven.png&#8221; _builder_version=&#8221;4.19.5&#8243; _module_preset=&#8221;default&#8221; header_level=&#8221;h1&#8243; header_font_size=&#8221;20px&#8221; text_orientation=&#8221;center&#8221; global_colors_info=&#8221;{}&#8221;]<\/p>\n<p><strong>Nuremberg, Germany<\/strong><\/p>\n<p>[\/et_pb_team_member][\/et_pb_column][\/et_pb_row][\/et_pb_section][et_pb_section fb_built=&#8221;1&#8243; admin_label=&#8221;Footer&#8221; _builder_version=&#8221;4.19.5&#8243; use_background_color_gradient=&#8221;on&#8221; background_color_gradient_type=&#8221;circular&#8221; background_color_gradient_direction_radial=&#8221;top left&#8221; background_color_gradient_stops=&#8221;#8300e9 100%|rgba(33,25,21,0) 100%&#8221; background_color_gradient_overlays_image=&#8221;on&#8221; background_color_gradient_start=&#8221;#210b00&#8243; background_color_gradient_start_position=&#8221;10%&#8221; background_color_gradient_end=&#8221;rgba(33,25,21,0)&#8221; background_enable_image=&#8221;off&#8221; custom_padding=&#8221;100px||100px||true|false&#8221; global_module=&#8221;235353&#8243; saved_tabs=&#8221;all&#8221; global_colors_info=&#8221;{}&#8221;][et_pb_row _builder_version=&#8221;4.19.5&#8243; _module_preset=&#8221;default&#8221; global_colors_info=&#8221;{}&#8221;][et_pb_column type=&#8221;4_4&#8243; _builder_version=&#8221;4.19.5&#8243; _module_preset=&#8221;default&#8221; global_colors_info=&#8221;{}&#8221;][et_pb_image src=&#8221;https:\/\/divine-id.site\/CI\/2023\/wp-content\/uploads\/2023\/02\/Footer-Divine-white.png&#8221; title_text=&#8221;Footer-Divine-white&#8221; _builder_version=&#8221;4.19.5&#8243; _module_preset=&#8221;default&#8221; width=&#8221;40%&#8221; module_alignment=&#8221;center&#8221; global_colors_info=&#8221;{}&#8221;][\/et_pb_image][\/et_pb_column][\/et_pb_row][\/et_pb_section]<\/p>\n","protected":false},"excerpt":{"rendered":"<p>FACULTYCarlos ABATH | Recife, Brazil Michele ANTONELLO I Padova, Italy Martin AUSTERMANN I M\u00fcnster, Germany Luca BERTOGLIO I Milano, Italy Katarina BJ\u00d8RSES I Copenhagen, Denmark Dittmar B\u00d6CKLER I Heidelberg, Germany Daniela BRANZAN I Leipzig, Germany Martin BRUCK I Nuremberg, Germany Christopher CHENG I Stanford, The United States Tim CHUTER | San Francisco, The United States [&hellip;]<\/p>\n","protected":false},"author":1,"featured_media":0,"parent":0,"menu_order":0,"comment_status":"open","ping_status":"open","template":"","meta":{"_et_pb_use_builder":"on","_et_pb_old_content":"[vc_row mo_row_type=\"in_container\" mo_padding=\"custom\" mo_padding_top=\"15\" mo_padding_bottom=\"10\"][vc_column][clearing_space height=\"60\"][vc_column_text]\r\n<h1 style=\"text-align: center;\"><strong><span style=\"color: #000000;\">Faculty<\/span><\/strong><\/h1>\r\n[\/vc_column_text][clearing_space height=\"60\"][\/vc_column][\/vc_row][vc_row mo_row_type=\"in_container\" mo_padding=\"none\"][vc_column][vc_column_text]\r\n<h2 style=\"text-align: center;\"><strong><span style=\"font-size: 18pt;\"><span style=\"color: #e6007e;\">COURSE LOCAL<\/span> ORGANIZERS<\/span><\/strong><\/h2>\r\n[\/vc_column_text][\/vc_column][\/vc_row][vc_row mo_row_type=\"in_container\" mo_padding=\"custom\" mo_padding_top=\"10\" mo_padding_bottom=\"10\"][vc_column][vc_separator][vc_empty_space height=\"20px\"][vc_column_text]\r\n<h3 style=\"text-align: center;\">Eric Verhoeven, Nuremberg, Germany\r\nMartin Bruck, Nuremberg, Germany\r\nAthanasios Katsargyris, Nuremberg, Germany\r\nPablo Marques, Nuremberg, Germany\r\nBernd Moehner, Nuremberg, Germany<\/h3>\r\n[\/vc_column_text][vc_empty_space height=\"10px\"][\/vc_column][\/vc_row][vc_row mo_row_type=\"in_container\" mo_padding=\"custom\" mo_padding_top=\"10\" mo_padding_bottom=\"10\"][vc_column][vc_separator][\/vc_column][\/vc_row][vc_row mo_row_type=\"in_container\" mo_padding=\"none\"][vc_column][vc_column_text]\r\n<h2 style=\"text-align: center;\"><strong><span style=\"font-size: 18pt;\">CRITICAL ISSUES <span style=\"color: #7a1f7f;\">STEERING COMMITTEE<\/span><\/span><\/strong><\/h2>\r\n[\/vc_column_text][\/vc_column][\/vc_row][vc_row mo_row_type=\"in_container\" mo_padding=\"none\"][vc_column width=\"1\/3\"][vc_row_inner content_placement=\"middle\"][vc_column_inner width=\"1\/3\"][vc_single_image image=\"14814\" alignment=\"center\"][\/vc_column_inner][vc_column_inner width=\"2\/3\"][vc_column_text]\r\n<h3>St\u00e9phan HAULON\r\n<i style=\"letter-spacing: 0.6px;\">Le Plessis Robinson,France<\/i><\/h3>\r\n[\/vc_column_text][\/vc_column_inner][\/vc_row_inner][\/vc_column][vc_column width=\"1\/3\"][vc_row_inner content_placement=\"middle\"][vc_column_inner width=\"1\/3\"][vc_single_image image=\"14816\" alignment=\"center\"][\/vc_column_inner][vc_column_inner width=\"2\/3\"][vc_column_text]\r\n<h3>Timothy RESCH\r\n<em>Copenhagen, Denmark<\/em><\/h3>\r\n[\/vc_column_text][\/vc_column_inner][\/vc_row_inner][\/vc_column][vc_column width=\"1\/3\"][vc_row_inner content_placement=\"middle\"][vc_column_inner width=\"1\/3\"][vc_single_image image=\"14813\" alignment=\"center\"][\/vc_column_inner][vc_column_inner width=\"2\/3\"][vc_column_text]\r\n<h3>Eric VERHOEVEN\r\n<em>Nuremberg, Germany<\/em><\/h3>\r\n[\/vc_column_text][\/vc_column_inner][\/vc_row_inner][\/vc_column][\/vc_row][vc_row mo_row_type=\"in_container\" mo_padding=\"custom\" mo_padding_top=\"10\" mo_padding_bottom=\"10\"][vc_column][\/vc_column][\/vc_row]","_et_gb_content_width":""},"_links":{"self":[{"href":"https:\/\/divine-id.site\/CI\/2023\/wp-json\/wp\/v2\/pages\/13479"}],"collection":[{"href":"https:\/\/divine-id.site\/CI\/2023\/wp-json\/wp\/v2\/pages"}],"about":[{"href":"https:\/\/divine-id.site\/CI\/2023\/wp-json\/wp\/v2\/types\/page"}],"author":[{"embeddable":true,"href":"https:\/\/divine-id.site\/CI\/2023\/wp-json\/wp\/v2\/users\/1"}],"replies":[{"embeddable":true,"href":"https:\/\/divine-id.site\/CI\/2023\/wp-json\/wp\/v2\/comments?post=13479"}],"version-history":[{"count":0,"href":"https:\/\/divine-id.site\/CI\/2023\/wp-json\/wp\/v2\/pages\/13479\/revisions"}],"wp:attachment":[{"href":"https:\/\/divine-id.site\/CI\/2023\/wp-json\/wp\/v2\/media?parent=13479"}],"curies":[{"name":"wp","href":"https:\/\/api.w.org\/{rel}","templated":true}]}}